{"id":2172,"date":"2020-07-28T21:32:53","date_gmt":"2020-07-29T00:32:53","guid":{"rendered":"http:\/\/canteras.mase.ar\/product\/boticino\/"},"modified":"2021-07-02T18:50:52","modified_gmt":"2021-07-02T21:50:52","slug":"boticino","status":"publish","type":"product","link":"https:\/\/www.canterasdelmundo.com\/pro\/product\/boticino\/","title":{"rendered":"Boticcino"},"content":{"rendered":"","protected":false},"excerpt":{"rendered":"<p class=\"descripcion-producto\">Un cl\u00e1sico que nunca pasar\u00e1 de moda, vigente en la arquitectura e interiorismo. Con fondo beige-crema y sus vetas el\u00e9ctricas casi sinuosas en tonos ocres, transmiten la magia especial del material. Boticcino es una excelente propuesta para vestir proyectos que busquen el lujo y la elegancia.<\/p>\n<h5 class=\"spec-title-producto\">Dureza<\/h5>\n<p><span class=\"spec-producto\">Media<\/span><\/p>\n<h5 class=\"spec-title-producto\">Formato<\/h5>\n<p><span class=\"spec-producto\">2.9 x 1.8m *Cada bloque es unico, por lo cual la medida de las placas es variable.<\/span><\/p>\n<h5 class=\"spec-title-producto\">Espesores<\/h5>\n<p><span class=\"spec-producto\">20mm<\/span><\/p>\n<h5 class=\"spec-title-producto\">Texturas<\/h5>\n<div class=\"contenedor-texturas\">\n<div class=\"textura\">\n<p class=\"m-0\"><img decoding=\"async\" class=\"size-full wp-image-2722 alignnone lazyload\" data-src=\"http:\/\/www.canterasdelmundo.com\/pro\/wp-content\/uploads\/2020\/08\/iconos-ragolia-30.svg\" alt=\"\" src=\"data:image\/svg+xml;base64,PHN2ZyB3aWR0aD0iMSIgaGVpZ2h0PSIxIiB4bWxucz0iaHR0cDovL3d3dy53My5vcmcvMjAwMC9zdmciPjwvc3ZnPg==\" \/><\/p>\n<p><span class=\"spec-producto\">PULIDO<\/span><\/p>\n<\/div>\n<div class=\"textura\">\n<p class=\"m-0\"><img decoding=\"async\" class=\"size-full wp-image-2722 alignnone lazyload\" data-src=\"http:\/\/www.canterasdelmundo.com\/pro\/wp-content\/uploads\/2020\/08\/iconos-ragolia-32.svg\" alt=\"\" src=\"data:image\/svg+xml;base64,PHN2ZyB3aWR0aD0iMSIgaGVpZ2h0PSIxIiB4bWxucz0iaHR0cDovL3d3dy53My5vcmcvMjAwMC9zdmciPjwvc3ZnPg==\" \/><\/p>\n<p><span class=\"spec-producto\">LEATHER<\/span><\/p>\n<\/div>\n<\/div>\n","protected":false},"featured_media":3087,"comment_status":"open","ping_status":"closed","template":"","meta":{"_acf_changed":false},"product_brand":[],"product_cat":[129],"product_tag":[],"class_list":{"0":"post-2172","1":"product","2":"type-product","3":"status-publish","4":"has-post-thumbnail","6":"product_cat-marmol","8":"first","9":"instock","10":"shipping-taxable","11":"product-type-simple"},"acf":[],"_links":{"self":[{"href":"https:\/\/www.canterasdelmundo.com\/pro\/wp-json\/wp\/v2\/product\/2172","targetHints":{"allow":["GET"]}}],"collection":[{"href":"https:\/\/www.canterasdelmundo.com\/pro\/wp-json\/wp\/v2\/product"}],"about":[{"href":"https:\/\/www.canterasdelmundo.com\/pro\/wp-json\/wp\/v2\/types\/product"}],"replies":[{"embeddable":true,"href":"https:\/\/www.canterasdelmundo.com\/pro\/wp-json\/wp\/v2\/comments?post=2172"}],"wp:featuredmedia":[{"embeddable":true,"href":"https:\/\/www.canterasdelmundo.com\/pro\/wp-json\/wp\/v2\/media\/3087"}],"wp:attachment":[{"href":"https:\/\/www.canterasdelmundo.com\/pro\/wp-json\/wp\/v2\/media?parent=2172"}],"wp:term":[{"taxonomy":"product_brand","embeddable":true,"href":"https:\/\/www.canterasdelmundo.com\/pro\/wp-json\/wp\/v2\/product_brand?post=2172"},{"taxonomy":"product_cat","embeddable":true,"href":"https:\/\/www.canterasdelmundo.com\/pro\/wp-json\/wp\/v2\/product_cat?post=2172"},{"taxonomy":"product_tag","embeddable":true,"href":"https:\/\/www.canterasdelmundo.com\/pro\/wp-json\/wp\/v2\/product_tag?post=2172"}],"curies":[{"name":"wp","href":"https:\/\/api.w.org\/{rel}","templated":true}]}}